00102
What is 102111202202 (base 3) in base 14?
5c7c2
What is 313103212 (base 4) in base 7?
1632310
199dba7 (base 14) to base 6
1133204435
What is -1a693 (base 11) in base 12?
-147a3
-2677071 (base 9) to base 11
-913151
What is -5003214 (base 8) in base 9?
-2420237
1703271 (base 8) to base 10
493241
-6a368 (base 11) to base 4
-120303121
Convert 42301134 (base 5) to base 4.
1112100032
-7244241 (base 9) to base 5
-1442230134
Convert -2448543 (base 10) to base 14.
-47a47d
What is -20221552 (base 6) in base 2?
-10001101001110001100
Convert -12124141 (base 5) to base 13.
-40040
Convert -16235030 (base 7) to base 15.
-210b95
-4090b (base 12) to base 10
-84251
Convert -121aa (base 11) to base 9.
-26053
What is -2e867 (base 16) in base 15?
-3b6e7
What is 7a90b3 (base 12) in base 13?
53a45c
What is 102121010220 (base 3) in base 6?
4520510
4714b2 (base 12) to base 10
1142918
107325 (base 12) to base 13
91c8b
What is 100110010000010110 (base 2) in base 10?
156694
What is -11222002011010 (base 3) in base 15?
-371e46
What is 58458 (base 13) in base 12?
792b6
Convert -4072316 (base 8) to base 13.
-2b9b6b
Convert -1200020222 (base 3) to base 2.
-1000000011100001
833593 (base 13) to base 9
5678401
Convert 62be6 (base 15) to base 12.
1312b3
222026046 (base 7) to base 5
11413401010
What is 19034b (base 13) in base 3?
1011221201001
What is 700055 (base 11) in base 7?
12403634
What is -3330b6 (base 15) in base 16?
-253c68
Convert 1111001010101100 (base 2) to base 3.
10011012220
Convert -4b777c (base 14) to base 6.
-131335510
268a27 (base 12) to base 3
1012101022111
What is -111110011011100001 (base 2) in base 8?
-763341
Convert 63240 (base 14) to base 3.
110011002101
Convert -31013133231 (base 4) to base 8.
-15073755
What is -3330211012 (base 4) in base 9?
-1846137
What is 50602 (base 13) in base 4?
203013031
Convert -73399 (base 15) to base 14.
-971c3
-bdb70 (base 16) to base 14
-163292
What is -100010000001011010111011 (base 2) in base 13?
-1b03660
Convert 32a43 (base 15) to base 11.
aaa08
What is 7b40 (base 13) in base 5?
1023130
Convert -212331002122 (base 4) to base 8.
-46750232
-1031323 (base 13) to base 2
-10010110000000000011001
What is -126b3 (base 16) in base 15?
-17548
-1cc32b (base 15) to base 8
-5276133
Convert -642323 (base 15) to base 7.
-55340436
-4081767 (base 10) to base 13
-acbb61
846323 (base 9) to base 11
314132
What is 4657170 (base 8) in base 10?
1269368
What is -3672a1 (base 12) in base 3?
-1122212211011
What is -1121212212202 (base 3) in base 11?
-53aa72
-1642321 (base 8) to base 11
-2a59a3
Convert 1331206 (base 8) to base 14.
9a102
What is -23343401 (base 6) in base 9?
-1331171
Convert 1a924 (base 13) to base 2.
1100101101110010
Convert 4232202 (base 6) to base 16.
326ea
Convert -3154886 (base 11) to base 4.
-111030101331
Convert -10000010100101010 (base 2) to base 9.
-111636
Convert 50457 (base 8) to base 10.
20783
Convert 13515140 (base 6) to base 3.
212102200020
-1332013 (base 4) to base 8
-17607
216198a (base 12) to base 7
104650204
What is -4d21b (base 14) in base 15?
-3b353
What is 142917 (base 16) in base 10?
1321239
What is -955a5 (base 15) in base 7?
-4012166
What is -1001111001000 (base 2) in base 12?
-2b20
-10010111110110100 (base 2) to base 12
-38bb0
-33064 (base 16) to base 7
-1530214
Convert 4449 (base 12) to base 11.
573a
Convert b275a (base 15) to base 13.
16a3b6
What is -101110000001100010001101 (base 2) in base 13?
-26656cc
-1522937 (base 10) to base 5
-342213222
What is -3637722 (base 9) in base 2?
-111100001111011100110
Convert -15774214 (base 8) to base 2.
-1101111111100010001100
What is -211330410 (base 5) in base 2?
-11011000011001010011
Convert -165153 (base 16) to base 13.
-3c2967
10211220010 (base 3) to base 2
10010011111011010
11021210010 (base 3) to base 13
2c559
Convert 26fd8 (base 16) to base 3.
22010001222
Convert 35351 (base 6) to base 9.
7004
-b63cb7 (base 14) to base 16
-5df3f9
Convert 1720bd (base 15) to base 13.
303130
What is -23400011 (base 6) in base 11?
-45a1a1
21497 (base 10) to base 9
32435
4415101 (base 7) to base 11
340229
What is -6638 (base 14) in base 16?
-451a
Convert 1113330 (base 8) to base 4.
1021123120
Convert 2110301011 (base 4) to base 14.
11c0cd
What is -3121403014 (base 5) in base 9?
-13086742
-554251 (base 6) to base 5
-2440302
-24743 (base 8) to base 5
-320343
-25543420 (base 6) to base 2
-11001100100110000100
9b97b (base 15) to base 12
1ba48b
What is -1140110 (base 8) in base 6?
-10401304
-103452343 (base 6) to base 3
-10111101100000
110022012000 (base 3) to base 6
5105043
Convert -102d7 (base 14) to base 2.
-1001100001010101
283975 (base 11) to base 14
b7d46
120221121110000 (base 3) to base 16
81541e
What is -202212222 (base 4) in base 16?
-229aa
Convert 30301102 (base 4) to base 5.
3133211
Convert -2157555 (base 12) to base 2.
-11000001011001101010001
Convert 102200122012 (base 3) to base 7.
1645562
What is -2424233 (base 5) in base 12?
-22454
Convert 12343537 (base 9) to base 16.
5c581c
-6c59a6 (base 13) to base 11
-1504822
What is -533355 (base 7) in base 3?
-11200211020
Convert -43398 (base 10) to base 13.
-169a4
3207c7 (base 14) to base 2
110011101000011001011
Convert -9a898 (base 14) to base 2.
-1011011100001100110
Convert 1011101111100011111011 (base 2) to base 12.
104558b
Convert 101010111010100001 (base 2) to base 10.
175777
What is -d2c69 (base 16) in base 10?
-863337
Convert -7c7527 (base 16) to base 2.
-11111000111010100100111
Convert 3351032 (base 6) to base 9.
278182
Convert -421201111 (base 6) to base 9.
-14727617
Convert -1151059 (base 14) to base 8.
-37411167
-55335 (base 12) to base 9
-181645
Convert -10222104 (base 6) to base 7.
-2352262
1227645 (base 9) to base 10
668291
Convert 41260 (base 12) to base 11.
58982
7a4291 (base 12) to base 2
111011101101010001101
-1ef7d (base 16) to base 7
-1035545
What is 1b393 (base 14) in base 10?
69317
What is -233002232200 (base 4) in base 8?
-57025640
-92624 (base 11) to base 8
-410017
What is 895733 (base 12) in base 6?
114512503
What is -bc9 (base 15) in base 11?
-2002
307516 (base 9) to base 6
3525410
Convert -111313003 (base 4) to base 15.
-1b7e4
What is -71146175 (base 8) in base 16?
-e4cc7d
Convert 1867c (base 16) to base 10.
99964
-10121212000010 (base 3) to base 16
-1d6385
Convert -1111111001100110001001 (base 2) to base 15.
-574eb8
What is -312414112 (base 5) in base 10?
-1294907
What is 552750 (base 14) in base 8?
13010702
11479a (base 13) to base 15
81702
-10864692 (base 10) to base 4
-221130200310
Convert 997363 (base 12) to base 13.
675036
What is -1490a7 (base 11) in base 15?
-489c6
What is 250305052 (base 6) in base 14?
8c72c0
Convert 1010010110110001010 (base 2) to base 14.
8b946
Convert 50760b (base 14) to base 4.
22111200023
Convert -32464267 (base 8) to base 11.
-3a33428
1520110 (base 9) to base 11
524034
What is -33014114 (base 5) in base 8?
-1047451
What is -322516 (base 9) in base 8?
-567223
Convert -8414b8 (base 14) to base 4.
-101000312222
What is 728a2 (base 12) in base 11?
a2677
206162 (base 11) to base 10
330277
Convert 5005660 (base 7) to base 16.
901d8
7751 (base 13) to base 16
40f4
221505152 (base 6) to base 10
4005788
Convert 11003123113 (base 4) to base 8.
5033327
Convert 77974 (base 15) to base 11.
23a667
-190701 (base 11) to base 4
-1013230210
What is 1311 (base 8) in base 3?
222102
Convert 440324334 (base 5) to base 7.
22014116
What is -1c212 (base 13) in base 8?
-153756
Convert 36506222 (base 8) to base 7.
125160045
9a8908 (base 11) to base 9
3020207
20255242 (base 6) to base 16
8e5aa
-11213332011 (base 4) to base 8
-5477605
-76399a (base 11) to base 9
-2260053
-1d3b6 (base 15) to base 11
-656a9
What is -75c14 (base 16) in base 6?
-14200552
What is 266546 (base 8) in base 10?
93542
Convert -8d874 (base 15) to base 12.
-198a54
What is 112101210202 (base 3) in base 12?
11803b
19317 (base 14) to base 9
106361
-100010110000011000011 (base 2) to base 9
-2125225
What is 7643 (base 16) in base 2?
111011001000011
What is -310030231 (base 4) in base 2?
-110100001100101101
Convert 1111212220 (base 3) to base 16.
746d
202312311003 (base 4) to base 7
140444604
What is -21540222 (base 8) in base 15?
-618d13
What is -233342500 (base 6) in base 10?
-4368132
What is -1335454 (base 6) in base 10?
-7